{"id":9264917,"date":"2025-08-23T08:33:08","date_gmt":"2025-08-23T06:33:08","guid":{"rendered":"https:\/\/bobtoolbox.fr\/produit\/riccardo-noir\/"},"modified":"2025-12-11T16:54:52","modified_gmt":"2025-12-11T15:54:52","slug":"riccardo-noir","status":"publish","type":"product","link":"https:\/\/bobtoolbox.fr\/en\/product\/riccardo-noir\/","title":{"rendered":"RICCARDO JACKET BLACK - STEINBOCK"},"content":{"rendered":"<p>D\u00e9couvrez la veste Riccardo, le best-seller intemporel de notre collection. Cette pi\u00e8ce signature, qui allie avec brio l&rsquo;authenticit\u00e9 du style autrichien et une \u00e9l\u00e9gance contemporaine, vous assure un tomb\u00e9 impeccable et une allure sophistiqu\u00e9e en toute occasion.<\/p>\n<p>Son noir sobre et intemporel en fait un incontournable de votre garde-robe, facile \u00e0 porter et \u00e0 associer.<\/p>","protected":false},"excerpt":{"rendered":"<p>D\u00e9couvrez la veste Riccardo, le best-seller intemporel de notre collection. Cette pi\u00e8ce signature, qui allie avec brio l&rsquo;authenticit\u00e9 du style autrichien et une \u00e9l\u00e9gance contemporaine, vous assure un tomb\u00e9 impeccable et une allure sophistiqu\u00e9e en toute occasion.<\/p>\n<p>Son noir sobre et intemporel en fait un incontournable de votre garde-robe, facile \u00e0 porter et \u00e0 associer.<\/p>","protected":false},"featured_media":9264918,"comment_status":"open","ping_status":"closed","template":"","meta":{"_acf_changed":false,"_seopress_robots_primary_cat":"none","_seopress_titles_title":"","_seopress_titles_desc":"","_seopress_robots_index":"","_gspb_post_css":"","_glsr_average":5,"_glsr_ranking":3.75,"_glsr_reviews":2},"product_brand":[],"product_cat":[252],"product_tag":[],"class_list":{"0":"post-9264917","1":"product","2":"type-product","3":"status-publish","4":"has-post-thumbnail","6":"product_cat-la-veste-homme","7":"pa_les-couleurs-noir","8":"pa_marque-steinbock","9":"pa_votre-taille-fr-24","10":"pa_votre-taille-fr-25","11":"pa_votre-taille-fr-26","12":"pa_votre-taille-fr-27","13":"pa_votre-taille-fr-28","14":"pa_votre-taille-fr-56-2","15":"pa_votre-taille-fr-58-2","16":"pa_votre-taille-fr-60-2","17":"pa_votre-taille-fr-32","18":"pa_votre-taille-fr-33","20":"first","21":"instock","22":"taxable","23":"shipping-taxable","24":"purchasable","25":"product-type-variable"},"acf":[],"_links":{"self":[{"href":"https:\/\/bobtoolbox.fr\/en\/wp-json\/wp\/v2\/product\/9264917","targetHints":{"allow":["GET"]}}],"collection":[{"href":"https:\/\/bobtoolbox.fr\/en\/wp-json\/wp\/v2\/product"}],"about":[{"href":"https:\/\/bobtoolbox.fr\/en\/wp-json\/wp\/v2\/types\/product"}],"replies":[{"embeddable":true,"href":"https:\/\/bobtoolbox.fr\/en\/wp-json\/wp\/v2\/comments?post=9264917"}],"wp:featuredmedia":[{"embeddable":true,"href":"https:\/\/bobtoolbox.fr\/en\/wp-json\/wp\/v2\/media\/9264918"}],"wp:attachment":[{"href":"https:\/\/bobtoolbox.fr\/en\/wp-json\/wp\/v2\/media?parent=9264917"}],"wp:term":[{"taxonomy":"product_brand","embeddable":true,"href":"https:\/\/bobtoolbox.fr\/en\/wp-json\/wp\/v2\/product_brand?post=9264917"},{"taxonomy":"product_cat","embeddable":true,"href":"https:\/\/bobtoolbox.fr\/en\/wp-json\/wp\/v2\/product_cat?post=9264917"},{"taxonomy":"product_tag","embeddable":true,"href":"https:\/\/bobtoolbox.fr\/en\/wp-json\/wp\/v2\/product_tag?post=9264917"}],"curies":[{"name":"wp","href":"https:\/\/api.w.org\/{rel}","templated":true}]}}

<p>Découvrez la veste Riccardo, le best-seller intemporel de notre collection. Cette pièce signature, qui allie avec brio l&rsquo;authenticité du style autrichien et une élégance contemporaine, vous assure un tombé impeccable et une allure sophistiquée en toute occasion.</p>
<p>Son noir sobre et intemporel en fait un incontournable de votre garde-robe, facile à porter et à associer.</p>
