{"id":9265026,"date":"2025-08-29T08:00:19","date_gmt":"2025-08-29T06:00:19","guid":{"rendered":"https:\/\/bobtoolbox.fr\/produit\/le-blazer\/"},"modified":"2025-11-19T16:05:38","modified_gmt":"2025-11-19T15:05:38","slug":"le-blazer","status":"publish","type":"product","link":"https:\/\/bobtoolbox.fr\/en\/product\/le-blazer\/","title":{"rendered":"LE BLAZER AUTRICHIEN ENFANT"},"content":{"rendered":"<p><strong>La Veste Enfant Edelweiss : L&rsquo;\u00c9l\u00e9gance Autrichienne pour Petits et Grands<\/strong><\/p>\n<p style=\"text-align: left;\">Oubliez les blazers ennuyeux ! Optez pour la veste autrichienne pour enfants, un grand classique qui allie chic et confort pour habiller les petits comme les grands avec une tenue impeccable. Parfaite pour rester au chaud avec l\u00e9g\u00e8ret\u00e9 tout en ayant du style.<\/p>\n<p style=\"text-align: left;\">","protected":false},"excerpt":{"rendered":"<p><strong>La Veste Enfant Edelweiss : L&rsquo;\u00c9l\u00e9gance Autrichienne pour Petits et Grands<\/strong><\/p>\n<p style=\"text-align: left;\">Oubliez les blazers ennuyeux ! Optez pour la veste autrichienne pour enfants, un grand classique qui allie chic et confort pour habiller les petits comme les grands avec une tenue impeccable. Parfaite pour rester au chaud avec l\u00e9g\u00e8ret\u00e9 tout en ayant du style.<\/p>\n<p style=\"text-align: left;\">","protected":false},"featured_media":9265027,"comment_status":"open","ping_status":"open","template":"","meta":{"_acf_changed":false,"_seopress_robots_primary_cat":"","_seopress_titles_title":"","_seopress_titles_desc":"","_seopress_robots_index":"","_gspb_post_css":"","_glsr_average":5,"_glsr_ranking":3.75,"_glsr_reviews":2},"product_brand":[],"product_cat":[260],"product_tag":[],"class_list":{"0":"post-9265026","1":"product","2":"type-product","3":"status-publish","4":"has-post-thumbnail","6":"product_cat-la-veste-autrichienne-enfant","7":"pa_les-couleurs-gris","8":"pa_votre-taille-fr-42","9":"pa_votre-taille-fr-43","10":"pa_votre-taille-fr-34","11":"pa_votre-taille-fr-35","12":"pa_votre-taille-fr-36","13":"pa_votre-taille-fr-37","14":"pa_votre-taille-fr-39","16":"first","17":"instock","18":"taxable","19":"shipping-taxable","20":"purchasable","21":"product-type-variable"},"acf":[],"_links":{"self":[{"href":"https:\/\/bobtoolbox.fr\/en\/wp-json\/wp\/v2\/product\/9265026","targetHints":{"allow":["GET"]}}],"collection":[{"href":"https:\/\/bobtoolbox.fr\/en\/wp-json\/wp\/v2\/product"}],"about":[{"href":"https:\/\/bobtoolbox.fr\/en\/wp-json\/wp\/v2\/types\/product"}],"replies":[{"embeddable":true,"href":"https:\/\/bobtoolbox.fr\/en\/wp-json\/wp\/v2\/comments?post=9265026"}],"wp:featuredmedia":[{"embeddable":true,"href":"https:\/\/bobtoolbox.fr\/en\/wp-json\/wp\/v2\/media\/9265027"}],"wp:attachment":[{"href":"https:\/\/bobtoolbox.fr\/en\/wp-json\/wp\/v2\/media?parent=9265026"}],"wp:term":[{"taxonomy":"product_brand","embeddable":true,"href":"https:\/\/bobtoolbox.fr\/en\/wp-json\/wp\/v2\/product_brand?post=9265026"},{"taxonomy":"product_cat","embeddable":true,"href":"https:\/\/bobtoolbox.fr\/en\/wp-json\/wp\/v2\/product_cat?post=9265026"},{"taxonomy":"product_tag","embeddable":true,"href":"https:\/\/bobtoolbox.fr\/en\/wp-json\/wp\/v2\/product_tag?post=9265026"}],"curies":[{"name":"wp","href":"https:\/\/api.w.org\/{rel}","templated":true}]}}

<p><strong>La Veste Enfant Edelweiss : L&rsquo;Élégance Autrichienne pour Petits et Grands</strong></p>
<p style="text-align: left;">Oubliez les blazers ennuyeux ! Optez pour la veste autrichienne pour enfants, un grand classique qui allie chic et confort pour habiller les petits comme les grands avec une tenue impeccable. Parfaite pour rester au chaud avec légèreté tout en ayant du style.</p>
<p style="text-align: left;">
