{"id":9265185,"date":"2020-09-24T11:06:21","date_gmt":"2020-09-24T09:06:21","guid":{"rendered":"https:\/\/bobtoolbox.fr\/produit\/veste-steinbock-riccardo-velours\/"},"modified":"2025-12-12T13:43:48","modified_gmt":"2025-12-12T12:43:48","slug":"veste-steinbock-riccardo-velours","status":"publish","type":"product","link":"https:\/\/bobtoolbox.fr\/en\/product\/veste-steinbock-riccardo-velours\/","title":{"rendered":"VESTE RICCARDO VELOURS &#8211; STEINBOCK"},"content":{"rendered":"<p>Notre Veste autrichienne vedette Riccardo de chez Steinbock est habill\u00e9e d&rsquo;un draps de velours marron relev\u00e9 par un col officier vert bronze et des passepoils de la m\u00eame couleur.<\/p>\n<p>La Veste en Velours Steinbock est ici id\u00e9ale en veste de campagne ou pour un port totalement casual chic lors d&rsquo;un week-end en ville.<\/p>","protected":false},"excerpt":{"rendered":"<p>Notre Veste autrichienne vedette Riccardo de chez Steinbock est habill\u00e9e d&rsquo;un draps de velours marron relev\u00e9 par un col officier vert bronze et des passepoils de la m\u00eame couleur.<\/p>\n<p>La Veste en Velours Steinbock est ici id\u00e9ale en veste de campagne ou pour un port totalement casual chic lors d&rsquo;un week-end en ville.<\/p>","protected":false},"featured_media":9265186,"comment_status":"open","ping_status":"closed","template":"","meta":{"_acf_changed":false,"_seopress_robots_primary_cat":"none","_seopress_titles_title":"","_seopress_titles_desc":"","_seopress_robots_index":"","_gspb_post_css":"","_glsr_average":0,"_glsr_ranking":0,"_glsr_reviews":0},"product_brand":[],"product_cat":[252],"product_tag":[128],"class_list":{"0":"post-9265185","1":"product","2":"type-product","3":"status-publish","4":"has-post-thumbnail","6":"product_cat-la-veste-homme","7":"product_tag-nouveaute","8":"pa_les-couleurs-marron","9":"pa_votre-taille-fr-24","10":"pa_votre-taille-fr-25","11":"pa_votre-taille-fr-26","12":"pa_votre-taille-fr-27","13":"pa_votre-taille-fr-28","14":"pa_votre-taille-fr-56-2","15":"pa_votre-taille-fr-58-2","16":"pa_votre-taille-fr-60-2","17":"pa_votre-taille-fr-32","18":"pa_votre-taille-fr-33","20":"first","21":"instock","22":"taxable","23":"shipping-taxable","24":"purchasable","25":"product-type-variable"},"acf":[],"_links":{"self":[{"href":"https:\/\/bobtoolbox.fr\/en\/wp-json\/wp\/v2\/product\/9265185","targetHints":{"allow":["GET"]}}],"collection":[{"href":"https:\/\/bobtoolbox.fr\/en\/wp-json\/wp\/v2\/product"}],"about":[{"href":"https:\/\/bobtoolbox.fr\/en\/wp-json\/wp\/v2\/types\/product"}],"replies":[{"embeddable":true,"href":"https:\/\/bobtoolbox.fr\/en\/wp-json\/wp\/v2\/comments?post=9265185"}],"wp:featuredmedia":[{"embeddable":true,"href":"https:\/\/bobtoolbox.fr\/en\/wp-json\/wp\/v2\/media\/9265186"}],"wp:attachment":[{"href":"https:\/\/bobtoolbox.fr\/en\/wp-json\/wp\/v2\/media?parent=9265185"}],"wp:term":[{"taxonomy":"product_brand","embeddable":true,"href":"https:\/\/bobtoolbox.fr\/en\/wp-json\/wp\/v2\/product_brand?post=9265185"},{"taxonomy":"product_cat","embeddable":true,"href":"https:\/\/bobtoolbox.fr\/en\/wp-json\/wp\/v2\/product_cat?post=9265185"},{"taxonomy":"product_tag","embeddable":true,"href":"https:\/\/bobtoolbox.fr\/en\/wp-json\/wp\/v2\/product_tag?post=9265185"}],"curies":[{"name":"wp","href":"https:\/\/api.w.org\/{rel}","templated":true}]}}

<p>Notre Veste autrichienne vedette Riccardo de chez Steinbock est habillée d&rsquo;un draps de velours marron relevé par un col officier vert bronze et des passepoils de la même couleur.</p>
<p>La Veste en Velours Steinbock est ici idéale en veste de campagne ou pour un port totalement casual chic lors d&rsquo;un week-end en ville.</p>
