{"id":9265524,"date":"2020-09-22T17:03:20","date_gmt":"2020-09-22T15:03:20","guid":{"rendered":"https:\/\/bobtoolbox.fr\/produit\/manteau-loden-classique-homme-steinbock\/"},"modified":"2025-11-19T16:04:27","modified_gmt":"2025-11-19T15:04:27","slug":"manteau-loden-classique-homme-steinbock","status":"publish","type":"product","link":"https:\/\/bobtoolbox.fr\/en\/product\/manteau-loden-classique-homme-steinbock\/","title":{"rendered":"MANTEAU LODEN CLASSIQUE HOMME &#8211; STEINBOCK &#8211; Taille 52, 66"},"content":{"rendered":"<p>Le v\u00e9ritable Loden autrichien a bien des qualit\u00e9s.<\/p>\n<p>Confortable et imperm\u00e9able, il prot\u00e8ge du froid tout en laissant respirer le corps en maintenant l&rsquo;\u00e9quilibre des temp\u00e9ratures int\u00e9rieures et ext\u00e9rieures.<\/p>\n<p>Edelweiss l&rsquo;a choisi chez Steinbock, pour son savoir faire traditionnel et sa qualit\u00e9 durable et haut de gamme.<\/p>","protected":false},"excerpt":{"rendered":"<p>Le v\u00e9ritable Loden autrichien a bien des qualit\u00e9s.<\/p>\n<p>Confortable et imperm\u00e9able, il prot\u00e8ge du froid tout en laissant respirer le corps en maintenant l&rsquo;\u00e9quilibre des temp\u00e9ratures int\u00e9rieures et ext\u00e9rieures.<\/p>\n<p>Edelweiss l&rsquo;a choisi chez Steinbock, pour son savoir faire traditionnel et sa qualit\u00e9 durable et haut de gamme.<\/p>","protected":false},"featured_media":9265525,"comment_status":"open","ping_status":"open","template":"","meta":{"_acf_changed":false,"_seopress_robots_primary_cat":"","_seopress_titles_title":"","_seopress_titles_desc":"","_seopress_robots_index":"","_gspb_post_css":"","_glsr_average":4.8,"_glsr_ranking":3.9333333333333,"_glsr_reviews":5},"product_brand":[],"product_cat":[254],"product_tag":[],"class_list":{"0":"post-9265524","1":"product","2":"type-product","3":"status-publish","4":"has-post-thumbnail","6":"product_cat-outdoor-homme","7":"pa_les-couleurs-marine","8":"pa_les-couleurs-vert-loden","9":"pa_votre-taille-fr-29","10":"pa_votre-taille-fr-30","11":"pa_votre-taille-fr-31","12":"pa_votre-taille-fr-24","13":"pa_votre-taille-fr-25","14":"pa_votre-taille-fr-26","15":"pa_votre-taille-fr-27","16":"pa_votre-taille-fr-28","17":"pa_votre-taille-fr-32","18":"pa_votre-taille-fr-33","19":"pa_votre-taille-fr-195","21":"first","22":"instock","23":"taxable","24":"shipping-taxable","25":"purchasable","26":"product-type-variable"},"acf":[],"_links":{"self":[{"href":"https:\/\/bobtoolbox.fr\/en\/wp-json\/wp\/v2\/product\/9265524","targetHints":{"allow":["GET"]}}],"collection":[{"href":"https:\/\/bobtoolbox.fr\/en\/wp-json\/wp\/v2\/product"}],"about":[{"href":"https:\/\/bobtoolbox.fr\/en\/wp-json\/wp\/v2\/types\/product"}],"replies":[{"embeddable":true,"href":"https:\/\/bobtoolbox.fr\/en\/wp-json\/wp\/v2\/comments?post=9265524"}],"wp:featuredmedia":[{"embeddable":true,"href":"https:\/\/bobtoolbox.fr\/en\/wp-json\/wp\/v2\/media\/9265525"}],"wp:attachment":[{"href":"https:\/\/bobtoolbox.fr\/en\/wp-json\/wp\/v2\/media?parent=9265524"}],"wp:term":[{"taxonomy":"product_brand","embeddable":true,"href":"https:\/\/bobtoolbox.fr\/en\/wp-json\/wp\/v2\/product_brand?post=9265524"},{"taxonomy":"product_cat","embeddable":true,"href":"https:\/\/bobtoolbox.fr\/en\/wp-json\/wp\/v2\/product_cat?post=9265524"},{"taxonomy":"product_tag","embeddable":true,"href":"https:\/\/bobtoolbox.fr\/en\/wp-json\/wp\/v2\/product_tag?post=9265524"}],"curies":[{"name":"wp","href":"https:\/\/api.w.org\/{rel}","templated":true}]}}

<p>Le véritable Loden autrichien a bien des qualités.</p>
<p>Confortable et imperméable, il protège du froid tout en laissant respirer le corps en maintenant l&rsquo;équilibre des températures intérieures et extérieures.</p>
<p>Edelweiss l&rsquo;a choisi chez Steinbock, pour son savoir faire traditionnel et sa qualité durable et haut de gamme.</p>
