{"id":9265827,"date":"2024-12-06T09:00:18","date_gmt":"2024-12-06T08:00:18","guid":{"rendered":"https:\/\/bobtoolbox.fr\/produit\/veste-autrichienne-classique-dornbirn-hammerschmid\/"},"modified":"2025-11-19T16:05:31","modified_gmt":"2025-11-19T15:05:31","slug":"veste-autrichienne-classique-dornbirn-hammerschmid","status":"publish","type":"product","link":"https:\/\/bobtoolbox.fr\/en\/product\/veste-autrichienne-classique-dornbirn-hammerschmid\/","title":{"rendered":"VESTE AUTRICHIENNE CLASSIQUE DORNBIRN &#8211; HAMMERSCHMID"},"content":{"rendered":"<p>Laissez-vous s\u00e9duire par la veste Dornbirn, l&rsquo;incarnation de l&rsquo;\u00e9l\u00e9gance autrichienne classique. Cette \u00ab\u00a0petite veste\u00a0\u00bb <strong>intemporelle<\/strong>, disponible en anthracite ou en bleu, est la pi\u00e8ce parfaite pour un style \u00e0 la fois sobre et raffin\u00e9. Sa coupe princesse met d\u00e9licatement en valeur la silhouette, vous permettant de la porter en toute occasion, sans effort.<\/p>","protected":false},"excerpt":{"rendered":"<p>Laissez-vous s\u00e9duire par la veste Dornbirn, l&rsquo;incarnation de l&rsquo;\u00e9l\u00e9gance autrichienne classique. Cette \u00ab\u00a0petite veste\u00a0\u00bb <strong>intemporelle<\/strong>, disponible en anthracite ou en bleu, est la pi\u00e8ce parfaite pour un style \u00e0 la fois sobre et raffin\u00e9. Sa coupe princesse met d\u00e9licatement en valeur la silhouette, vous permettant de la porter en toute occasion, sans effort.<\/p>","protected":false},"featured_media":9265828,"comment_status":"open","ping_status":"open","template":"","meta":{"_acf_changed":false,"_seopress_robots_primary_cat":"","_seopress_titles_title":"","_seopress_titles_desc":"","_seopress_robots_index":"","_gspb_post_css":"","_glsr_average":5,"_glsr_ranking":3.75,"_glsr_reviews":2},"product_brand":[],"product_cat":[269],"product_tag":[],"class_list":{"0":"post-9265827","1":"product","2":"type-product","3":"status-publish","4":"has-post-thumbnail","6":"product_cat-la-veste-femme","7":"pa_les-couleurs-bleu","8":"pa_les-couleurs-noir","9":"pa_marque-hammerschmid","10":"pa_votre-taille-fr-page","11":"pa_votre-taille-fr-29","12":"pa_votre-taille-fr-132","13":"pa_votre-taille-fr-30","14":"pa_votre-taille-fr-133","15":"pa_votre-taille-fr-31","16":"pa_votre-taille-fr-134","17":"pa_votre-taille-fr-137","18":"pa_votre-taille-fr-136","19":"pa_votre-taille-fr-24","20":"pa_votre-taille-fr-44","22":"first","23":"instock","24":"taxable","25":"shipping-taxable","26":"purchasable","27":"product-type-variable"},"acf":[],"_links":{"self":[{"href":"https:\/\/bobtoolbox.fr\/en\/wp-json\/wp\/v2\/product\/9265827","targetHints":{"allow":["GET"]}}],"collection":[{"href":"https:\/\/bobtoolbox.fr\/en\/wp-json\/wp\/v2\/product"}],"about":[{"href":"https:\/\/bobtoolbox.fr\/en\/wp-json\/wp\/v2\/types\/product"}],"replies":[{"embeddable":true,"href":"https:\/\/bobtoolbox.fr\/en\/wp-json\/wp\/v2\/comments?post=9265827"}],"wp:featuredmedia":[{"embeddable":true,"href":"https:\/\/bobtoolbox.fr\/en\/wp-json\/wp\/v2\/media\/9265828"}],"wp:attachment":[{"href":"https:\/\/bobtoolbox.fr\/en\/wp-json\/wp\/v2\/media?parent=9265827"}],"wp:term":[{"taxonomy":"product_brand","embeddable":true,"href":"https:\/\/bobtoolbox.fr\/en\/wp-json\/wp\/v2\/product_brand?post=9265827"},{"taxonomy":"product_cat","embeddable":true,"href":"https:\/\/bobtoolbox.fr\/en\/wp-json\/wp\/v2\/product_cat?post=9265827"},{"taxonomy":"product_tag","embeddable":true,"href":"https:\/\/bobtoolbox.fr\/en\/wp-json\/wp\/v2\/product_tag?post=9265827"}],"curies":[{"name":"wp","href":"https:\/\/api.w.org\/{rel}","templated":true}]}}

<p>Laissez-vous séduire par la veste Dornbirn, l&rsquo;incarnation de l&rsquo;élégance autrichienne classique. Cette « petite veste » <strong>intemporelle</strong>, disponible en anthracite ou en bleu, est la pièce parfaite pour un style à la fois sobre et raffiné. Sa coupe princesse met délicatement en valeur la silhouette, vous permettant de la porter en toute occasion, sans effort.</p>
