{"id":9265724,"date":"2024-10-07T09:00:13","date_gmt":"2024-10-07T07:00:13","guid":{"rendered":"https:\/\/bobtoolbox.fr\/produit\/veste-autrichienne-suedine-steinbock\/"},"modified":"2025-12-12T13:58:37","modified_gmt":"2025-12-12T12:58:37","slug":"veste-autrichienne-suedine-steinbock","status":"publish","type":"product","link":"https:\/\/bobtoolbox.fr\/es\/product\/veste-autrichienne-suedine-steinbock\/","title":{"rendered":"VESTE AUTRICHIENNE SU\u00c9DINE &#8211; STEINBOCK"},"content":{"rendered":"","protected":false},"excerpt":{"rendered":"<p><strong>La Veste en Su\u00e9dine : L&rsquo;\u00c9l\u00e9gance L\u00e9g\u00e8re<\/strong><\/p>\n<p>Craquez pour cette veste autrichienne classique en <strong>su\u00e9dine<\/strong>, une mati\u00e8re souple et douce au toucher, parfaite pour la mi-saison. L\u00e9g\u00e8re et agr\u00e9able \u00e0 porter, elle est id\u00e9ale pour ceux qui ont tendance \u00e0 avoir trop chaud. D\u00e9clin\u00e9e en trois couleurs, elle ne manque pas d&rsquo;\u00e9l\u00e9gance, avec ses jolis d\u00e9tails qui en font un incontournable chic et pratique.<\/p>","protected":false},"featured_media":9265725,"comment_status":"open","ping_status":"closed","template":"","meta":{"_acf_changed":false,"_seopress_robots_primary_cat":"none","_seopress_titles_title":"","_seopress_titles_desc":"","_seopress_robots_index":"","_gspb_post_css":"","_glsr_average":5,"_glsr_ranking":3.6363636363636,"_glsr_reviews":1},"product_brand":[],"product_cat":[252],"product_tag":[],"class_list":{"0":"post-9265724","1":"product","2":"type-product","3":"status-publish","4":"has-post-thumbnail","6":"product_cat-la-veste-homme","7":"pa_les-couleurs-kaki","8":"pa_les-couleurs-marine","9":"pa_les-couleurs-marron","10":"pa_marque-steinbock","11":"pa_marque-astrifa","12":"pa_marque-hammerschmid","13":"pa_marque-hubegger","14":"pa_marque-lodenfrey","15":"pa_marque-mirabell","16":"pa_marque-poldi","17":"pa_votre-taille-fr-24","18":"pa_votre-taille-fr-25","19":"pa_votre-taille-fr-26","20":"pa_votre-taille-fr-27","21":"pa_votre-taille-fr-28","22":"pa_votre-taille-fr-56-2","23":"pa_votre-taille-fr-58-2","25":"first","26":"instock","27":"taxable","28":"shipping-taxable","29":"purchasable","30":"product-type-variable"},"acf":[],"_links":{"self":[{"href":"https:\/\/bobtoolbox.fr\/es\/wp-json\/wp\/v2\/product\/9265724","targetHints":{"allow":["GET"]}}],"collection":[{"href":"https:\/\/bobtoolbox.fr\/es\/wp-json\/wp\/v2\/product"}],"about":[{"href":"https:\/\/bobtoolbox.fr\/es\/wp-json\/wp\/v2\/types\/product"}],"replies":[{"embeddable":true,"href":"https:\/\/bobtoolbox.fr\/es\/wp-json\/wp\/v2\/comments?post=9265724"}],"wp:featuredmedia":[{"embeddable":true,"href":"https:\/\/bobtoolbox.fr\/es\/wp-json\/wp\/v2\/media\/9265725"}],"wp:attachment":[{"href":"https:\/\/bobtoolbox.fr\/es\/wp-json\/wp\/v2\/media?parent=9265724"}],"wp:term":[{"taxonomy":"product_brand","embeddable":true,"href":"https:\/\/bobtoolbox.fr\/es\/wp-json\/wp\/v2\/product_brand?post=9265724"},{"taxonomy":"product_cat","embeddable":true,"href":"https:\/\/bobtoolbox.fr\/es\/wp-json\/wp\/v2\/product_cat?post=9265724"},{"taxonomy":"product_tag","embeddable":true,"href":"https:\/\/bobtoolbox.fr\/es\/wp-json\/wp\/v2\/product_tag?post=9265724"}],"curies":[{"name":"wp","href":"https:\/\/api.w.org\/{rel}","templated":true}]}}

VESTE AUTRICHIENNE SUÉDINE &#8211; STEINBOCK

<p><strong>La Veste en Suédine : L&rsquo;Élégance Légère</strong></p>
<p>Craquez pour cette veste autrichienne classique en <strong>suédine</strong>, une matière souple et douce au toucher, parfaite pour la mi-saison. Légère et agréable à porter, elle est idéale pour ceux qui ont tendance à avoir trop chaud. Déclinée en trois couleurs, elle ne manque pas d&rsquo;élégance, avec ses jolis détails qui en font un incontournable chic et pratique.</p>
