{"id":9265754,"date":"2021-09-08T15:41:57","date_gmt":"2021-09-08T13:41:57","guid":{"rendered":"https:\/\/bobtoolbox.fr\/produit\/veste-sans-manche-molletonnee-tweed-steinbock\/"},"modified":"2025-11-19T16:02:07","modified_gmt":"2025-11-19T15:02:07","slug":"veste-sans-manche-molletonnee-tweed-steinbock","status":"publish","type":"product","link":"https:\/\/bobtoolbox.fr\/es\/product\/veste-sans-manche-molletonnee-tweed-steinbock\/","title":{"rendered":"VESTE SANS MANCHES MATELASS\u00c9E TWEED PIED DE POULE- STEINBOCK &#8211; Taille 46, 60"},"content":{"rendered":"<p>Cette veste sans manches matelass\u00e9e en tweed pied de poule, chaude et si pratique, a beaucoup d\u2019allure. De tr\u00e8s belle confection, on la met seule sur un pull, sous un manteau ou une veste de chasse. Elle deviendra vite un incontournable de votre gamme outdoor.<\/p>\n<p>Les tailles non affich\u00e9es sont \u00e9puis\u00e9es.<\/p>","protected":false},"excerpt":{"rendered":"<p>Cette veste sans manches matelass\u00e9e en tweed pied de poule, chaude et si pratique, a beaucoup d\u2019allure. De tr\u00e8s belle confection, on la met seule sur un pull, sous un manteau ou une veste de chasse. Elle deviendra vite un incontournable de votre gamme outdoor.<\/p>\n<p>Les tailles non affich\u00e9es sont \u00e9puis\u00e9es.<\/p>","protected":false},"featured_media":9265755,"comment_status":"closed","ping_status":"open","template":"","meta":{"_acf_changed":false,"_seopress_robots_primary_cat":"","_seopress_titles_title":"","_seopress_titles_desc":"","_seopress_robots_index":"","_gspb_post_css":"","_glsr_average":0,"_glsr_ranking":0,"_glsr_reviews":0},"product_brand":[],"product_cat":[249],"product_tag":[],"class_list":{"0":"post-9265754","1":"product","2":"type-product","3":"status-publish","4":"has-post-thumbnail","6":"product_cat-promo","7":"pa_les-couleurs-vert","8":"pa_votre-taille-fr-29","9":"pa_votre-taille-fr-30","10":"pa_votre-taille-fr-31","11":"pa_votre-taille-fr-24","12":"pa_votre-taille-fr-25","13":"pa_votre-taille-fr-26","14":"pa_votre-taille-fr-27","15":"pa_votre-taille-fr-28","17":"first","18":"instock","19":"sale","20":"taxable","21":"shipping-taxable","22":"purchasable","23":"product-type-variable"},"acf":[],"_links":{"self":[{"href":"https:\/\/bobtoolbox.fr\/es\/wp-json\/wp\/v2\/product\/9265754","targetHints":{"allow":["GET"]}}],"collection":[{"href":"https:\/\/bobtoolbox.fr\/es\/wp-json\/wp\/v2\/product"}],"about":[{"href":"https:\/\/bobtoolbox.fr\/es\/wp-json\/wp\/v2\/types\/product"}],"replies":[{"embeddable":true,"href":"https:\/\/bobtoolbox.fr\/es\/wp-json\/wp\/v2\/comments?post=9265754"}],"wp:featuredmedia":[{"embeddable":true,"href":"https:\/\/bobtoolbox.fr\/es\/wp-json\/wp\/v2\/media\/9265755"}],"wp:attachment":[{"href":"https:\/\/bobtoolbox.fr\/es\/wp-json\/wp\/v2\/media?parent=9265754"}],"wp:term":[{"taxonomy":"product_brand","embeddable":true,"href":"https:\/\/bobtoolbox.fr\/es\/wp-json\/wp\/v2\/product_brand?post=9265754"},{"taxonomy":"product_cat","embeddable":true,"href":"https:\/\/bobtoolbox.fr\/es\/wp-json\/wp\/v2\/product_cat?post=9265754"},{"taxonomy":"product_tag","embeddable":true,"href":"https:\/\/bobtoolbox.fr\/es\/wp-json\/wp\/v2\/product_tag?post=9265754"}],"curies":[{"name":"wp","href":"https:\/\/api.w.org\/{rel}","templated":true}]}}

VESTE SANS MANCHES MATELASSÉE TWEED PIED DE POULE- STEINBOCK &#8211; Taille 46, 60

<p>Cette veste sans manches matelassée en tweed pied de poule, chaude et si pratique, a beaucoup d’allure. De très belle confection, on la met seule sur un pull, sous un manteau ou une veste de chasse. Elle deviendra vite un incontournable de votre gamme outdoor.</p>
<p>Les tailles non affichées sont épuisées.</p>
