{"id":9266074,"date":"2024-08-26T13:41:02","date_gmt":"2024-08-26T11:41:02","guid":{"rendered":"https:\/\/bobtoolbox.fr\/produit\/veste-couleur-homme-meilersdorf-lodenfrey\/"},"modified":"2025-12-12T12:48:46","modified_gmt":"2025-12-12T11:48:46","slug":"veste-couleur-homme-meilersdorf-lodenfrey","status":"publish","type":"product","link":"https:\/\/bobtoolbox.fr\/es\/product\/veste-couleur-homme-meilersdorf-lodenfrey\/","title":{"rendered":"VESTE HOMME MEILERSDORF &#8211; LODENFREY &#8211; TAILLE 46, 48, 52, 54"},"content":{"rendered":"<p><!--StartFragment --><strong><span class=\"cf0\">Veste Autrichienne <\/span><span class=\"cf0\">Lodenfrey<\/span><span class=\"cf0\"> : L&rsquo;\u00c9l\u00e9gance Distinctive pour l&rsquo;Homme Moderne<\/span><\/strong><\/p>\n<p style=\"text-align: left;\"><span class=\"cf0\">D\u00e9couvrez l&rsquo;incarnation du raffinement avec notre veste autrichienne bleu clair, une pi\u00e8ce ma\u00eetresse sign\u00e9e <\/span><strong><span class=\"cf0\">Lodenfrey<\/span><\/strong><span class=\"cf0\">, une Maison dont la r\u00e9putation d&rsquo;excellence n&rsquo;est plus \u00e0 d\u00e9montrer. Con\u00e7ue pour l&rsquo;homme qui cultive un style \u00e0 la fois original, \u00e9l\u00e9gant et r\u00e9solument confortable, cette veste est une d\u00e9claration de go\u00fbt.<\/span><\/p>\n<p style=\"text-align: left;\"><!--EndFragment --><\/p>","protected":false},"excerpt":{"rendered":"<p><!--StartFragment --><strong><span class=\"cf0\">Veste Autrichienne <\/span><span class=\"cf0\">Lodenfrey<\/span><span class=\"cf0\"> : L&rsquo;\u00c9l\u00e9gance Distinctive pour l&rsquo;Homme Moderne<\/span><\/strong><\/p>\n<p style=\"text-align: left;\"><span class=\"cf0\">D\u00e9couvrez l&rsquo;incarnation du raffinement avec notre veste autrichienne bleu clair, une pi\u00e8ce ma\u00eetresse sign\u00e9e <\/span><strong><span class=\"cf0\">Lodenfrey<\/span><\/strong><span class=\"cf0\">, une Maison dont la r\u00e9putation d&rsquo;excellence n&rsquo;est plus \u00e0 d\u00e9montrer. Con\u00e7ue pour l&rsquo;homme qui cultive un style \u00e0 la fois original, \u00e9l\u00e9gant et r\u00e9solument confortable, cette veste est une d\u00e9claration de go\u00fbt.<\/span><\/p>\n<p style=\"text-align: left;\"><!--EndFragment --><\/p>","protected":false},"featured_media":9266075,"comment_status":"open","ping_status":"closed","template":"","meta":{"_acf_changed":false,"_seopress_robots_primary_cat":"none","_seopress_titles_title":"","_seopress_titles_desc":"","_seopress_robots_index":"","_gspb_post_css":"","_glsr_average":0,"_glsr_ranking":0,"_glsr_reviews":0},"product_brand":[],"product_cat":[252],"product_tag":[],"class_list":{"0":"post-9266074","1":"product","2":"type-product","3":"status-publish","4":"has-post-thumbnail","6":"product_cat-la-veste-homme","7":"pa_les-couleurs-bleu","8":"pa_marque-lodenfrey","9":"pa_votre-taille-fr-24","10":"pa_votre-taille-fr-25","11":"pa_votre-taille-fr-26","12":"pa_votre-taille-fr-27","13":"pa_votre-taille-fr-28","14":"pa_votre-taille-fr-56-2","16":"first","17":"instock","18":"taxable","19":"shipping-taxable","20":"purchasable","21":"product-type-variable"},"acf":[],"_links":{"self":[{"href":"https:\/\/bobtoolbox.fr\/es\/wp-json\/wp\/v2\/product\/9266074","targetHints":{"allow":["GET"]}}],"collection":[{"href":"https:\/\/bobtoolbox.fr\/es\/wp-json\/wp\/v2\/product"}],"about":[{"href":"https:\/\/bobtoolbox.fr\/es\/wp-json\/wp\/v2\/types\/product"}],"replies":[{"embeddable":true,"href":"https:\/\/bobtoolbox.fr\/es\/wp-json\/wp\/v2\/comments?post=9266074"}],"wp:featuredmedia":[{"embeddable":true,"href":"https:\/\/bobtoolbox.fr\/es\/wp-json\/wp\/v2\/media\/9266075"}],"wp:attachment":[{"href":"https:\/\/bobtoolbox.fr\/es\/wp-json\/wp\/v2\/media?parent=9266074"}],"wp:term":[{"taxonomy":"product_brand","embeddable":true,"href":"https:\/\/bobtoolbox.fr\/es\/wp-json\/wp\/v2\/product_brand?post=9266074"},{"taxonomy":"product_cat","embeddable":true,"href":"https:\/\/bobtoolbox.fr\/es\/wp-json\/wp\/v2\/product_cat?post=9266074"},{"taxonomy":"product_tag","embeddable":true,"href":"https:\/\/bobtoolbox.fr\/es\/wp-json\/wp\/v2\/product_tag?post=9266074"}],"curies":[{"name":"wp","href":"https:\/\/api.w.org\/{rel}","templated":true}]}}

<p><!--StartFragment --><strong><span class="cf0">Veste Autrichienne </span><span class="cf0">Lodenfrey</span><span class="cf0"> : L&rsquo;Élégance Distinctive pour l&rsquo;Homme Moderne</span></strong></p>
<p style="text-align: left;"><span class="cf0">Découvrez l&rsquo;incarnation du raffinement avec notre veste autrichienne bleu clair, une pièce maîtresse signée </span><strong><span class="cf0">Lodenfrey</span></strong><span class="cf0">, une Maison dont la réputation d&rsquo;excellence n&rsquo;est plus à démontrer. Conçue pour l&rsquo;homme qui cultive un style à la fois original, élégant et résolument confortable, cette veste est une déclaration de goût.</span></p>
<p style="text-align: left;"><!--EndFragment --></p>
