{"id":9265155,"date":"2025-09-17T08:35:53","date_gmt":"2025-09-17T06:35:53","guid":{"rendered":"https:\/\/bobtoolbox.fr\/produit\/veste-en-peau-pucher\/"},"modified":"2025-12-12T17:58:31","modified_gmt":"2025-12-12T16:58:31","slug":"veste-en-peau-pucher","status":"publish","type":"product","link":"https:\/\/bobtoolbox.fr\/it\/product\/veste-en-peau-pucher\/","title":{"rendered":"VESTE EN PEAU HOMME PUCHER"},"content":{"rendered":"<p><strong>La Veste Pucher : L&rsquo;\u00c9l\u00e9gance Moderne en Cuir V\u00e9ritable<\/strong><\/p>\n<p>Craquez pour notre veste en cuir Pucher, une pi\u00e8ce incontournable au design contemporain et \u00e0 l&rsquo;allure polyvalente. Confectionn\u00e9e en ch\u00e8vre v\u00e9ritable, cette veste allie souplesse et robustesse, s&rsquo;adaptant \u00e0 toutes les occasions.<\/p>","protected":false},"excerpt":{"rendered":"<p><strong>La Veste Pucher : L&rsquo;\u00c9l\u00e9gance Moderne en Cuir V\u00e9ritable<\/strong><\/p>\n<p>Craquez pour notre veste en cuir Pucher, une pi\u00e8ce incontournable au design contemporain et \u00e0 l&rsquo;allure polyvalente. Confectionn\u00e9e en ch\u00e8vre v\u00e9ritable, cette veste allie souplesse et robustesse, s&rsquo;adaptant \u00e0 toutes les occasions.<\/p>","protected":false},"featured_media":9265156,"comment_status":"open","ping_status":"closed","template":"","meta":{"_acf_changed":false,"_seopress_robots_primary_cat":"none","_seopress_titles_title":"","_seopress_titles_desc":"","_seopress_robots_index":"","_gspb_post_css":"","_glsr_average":5,"_glsr_ranking":3.75,"_glsr_reviews":2},"product_brand":[],"product_cat":[252],"product_tag":[128],"class_list":{"0":"post-9265155","1":"product","2":"type-product","3":"status-publish","4":"has-post-thumbnail","6":"product_cat-la-veste-homme","7":"product_tag-nouveaute","8":"pa_les-couleurs-marron","9":"pa_marque-spieth-wensky","10":"pa_votre-taille-fr-24","11":"pa_votre-taille-fr-25","12":"pa_votre-taille-fr-26","13":"pa_votre-taille-fr-27","14":"pa_votre-taille-fr-28","15":"pa_votre-taille-fr-56-2","16":"pa_votre-taille-fr-58-2","17":"pa_votre-taille-fr-60-2","19":"first","20":"instock","21":"taxable","22":"shipping-taxable","23":"purchasable","24":"product-type-variable"},"acf":[],"_links":{"self":[{"href":"https:\/\/bobtoolbox.fr\/it\/wp-json\/wp\/v2\/product\/9265155","targetHints":{"allow":["GET"]}}],"collection":[{"href":"https:\/\/bobtoolbox.fr\/it\/wp-json\/wp\/v2\/product"}],"about":[{"href":"https:\/\/bobtoolbox.fr\/it\/wp-json\/wp\/v2\/types\/product"}],"replies":[{"embeddable":true,"href":"https:\/\/bobtoolbox.fr\/it\/wp-json\/wp\/v2\/comments?post=9265155"}],"wp:featuredmedia":[{"embeddable":true,"href":"https:\/\/bobtoolbox.fr\/it\/wp-json\/wp\/v2\/media\/9265156"}],"wp:attachment":[{"href":"https:\/\/bobtoolbox.fr\/it\/wp-json\/wp\/v2\/media?parent=9265155"}],"wp:term":[{"taxonomy":"product_brand","embeddable":true,"href":"https:\/\/bobtoolbox.fr\/it\/wp-json\/wp\/v2\/product_brand?post=9265155"},{"taxonomy":"product_cat","embeddable":true,"href":"https:\/\/bobtoolbox.fr\/it\/wp-json\/wp\/v2\/product_cat?post=9265155"},{"taxonomy":"product_tag","embeddable":true,"href":"https:\/\/bobtoolbox.fr\/it\/wp-json\/wp\/v2\/product_tag?post=9265155"}],"curies":[{"name":"wp","href":"https:\/\/api.w.org\/{rel}","templated":true}]}}

<p><strong>La Veste Pucher : L&rsquo;Élégance Moderne en Cuir Véritable</strong></p>
<p>Craquez pour notre veste en cuir Pucher, une pièce incontournable au design contemporain et à l&rsquo;allure polyvalente. Confectionnée en chèvre véritable, cette veste allie souplesse et robustesse, s&rsquo;adaptant à toutes les occasions.</p>
